nits digit of (o - 0)/((-3)/(-9))?
6
Suppose -3*i - p = -7, p - 4 = -3*p. Suppose -42 = -4*l + i*j, 2*l - 17 = -3*j - 0. What is the units digit of l?
0
Suppose 3*z - 100 = 17. What is the tens digit of z?
3
Let t = -77 - -168. What is the units digit of t?
1
Let k(u) = -2*u**3 - 6*u**2 - 3*u - 4. Let m be k(-4). Suppose m = 4*w - 8. What is the tens digit of w?
1
Let q be 47 + (2 - 3) - 0. Let p = q + -11. What is the units digit of p?
5
What is the units digit of 32*8 + (2 - (11 - 6))?
3
What is the units digit of (-2 + -6)*(-1)/2?
4
Let l be ((-3)/(-1))/((-1)/3). Let c be (-80)/(-36) - (-2)/l. Let r = 6 + c. What is the units digit of r?
8
Let v = 15 - 9. Suppose -3*n + 48 + v = 0. What is the units digit of 10/(4*3/n)?
5
Suppose -4*n + 4*m + 1500 = 0, n + 2*n - 5*m = 1129. What is the tens digit of n?
7
Suppose -5 = -0*p - 5*p. Let v = 9 - p. What is the units digit of v?
8
Let w be (-10)/(-24)*3*4. What is the units digit of (-1)/((3/w)/(-3))?
5
Let t(n) = -n**3 + 2*n + 1. Let i be t(-1). Let o be 3 + 1 + (2 - i). Suppose -2*s + o = -s. What is the units digit of s?
6
Let u(w) = -w**3 - 2*w**2 + w - 1. Let n = 1 + 1. Suppose -9 = n*v - 3. What is the units digit of u(v)?
5
Let z(d) = -d**3 + d**2 - d + 74. What is the units digit of z(0)?
4
Suppose 5*l + 10 = 5*i - 5, 2*i = 3*l + 8. Let p(v) = 35*v**2 - v. Let s be p(i). Suppose -3*o + s = 4*y - 2*o, -3*y = 5*o - 34. What is the units digit of y?
8
Let c = -113 + 176. What is the units digit of c?
3
Suppose -11*s = -5*t - 16*s + 60, 2*s = t + 3. What is the units digit of t?
7
Let z be -17*(12/(-3) - -11). Let i = -85 - z. What is the tens digit of i?
3
Suppose 3*o - o - l - 161 = 0, o - 63 = -3*l. What is the units digit of o?
8
Let a be 1 - -105 - (-11 + 11). Suppose y + 128 = 5*q - y, 2*y - a = -4*q. What is the tens digit of q?
2
Suppose 4*f - 4*x - 60 = 0, 0*f - f = -3*x - 7. What is the tens digit of (-3 - 2/(-2)) + f?
1
Let f(o) = -2*o. Let y be f(-1). Suppose 3*d = y*d + 7. Let g(z) = -z**3 + 8*z**2 - 5*z - 6. What is the units digit of g(d)?
8
Let m be -27 + (2 + -1)/1. Let v = -50 - -14. Let y = m - v. What is the units digit of y?
0
Let q(l) = -1. Let u(w) = -3*w**3 - w**2 + 4*w + 3*w**3 - 2 - w**3. Let x(f) = -q(f) + u(f). What is the units digit of x(-3)?
5
Let s(u) = u + 2. Let h = 6 + -9. Let p be s(h). What is the units digit of (1 - p - -2)/2?
2
Let r(m) = -m**2 + 8*m + 1. Let g be 3*(-1)/(-3) - -7. What is the units digit of r(g)?
1
Let h(x) = -x**3 + 14*x**2 - 25*x + 17. Let u be h(12). Suppose 0*d + 216 = 3*d. Suppose -u*n = -n - d. What is the units digit of n?
8
Let c(j) = 3*j - 2. Let s(g) = 2*g - 4. Let a(w) = 2*w**3 - 2*w**2 - 3*w + 2. Let m be a(2). Let r be s(m). What is the units digit of c(r)?
0
What is the units digit of -12*-1*(0 + 1)?
2
Let a = -16 + 48. Suppose -3*r = 4*u - 56, -3*r + 0*u + 62 = -2*u. Suppose 5*i - a = 2*x, -3*x = -2*i - 2*i + r. What is the units digit of i?
8
Suppose -5*v - 33 = -4*v. Let h = 51 + v. Suppose 4*u - 2*o = o + 19, 2*u + 4*o + h = 0. What is the units digit of u?
1
Let o be (-15)/9 - 1/3. Let v = 8 - o. What is the tens digit of v?
1
Suppose 2*g = -5*v + 78, 0*g - 2*g + 3*v + 46 = 0. Let i = g - 47. What is the units digit of 20/3*i/(-15)?
8
Let k(v) be the second derivative of -5*v**4/12 + v**2/2 - 2*v. Let z be k(2). Let x = z - -33. What is the units digit of x?
4
Suppose 3*d = -4*u - 1, 2*u = -d + 4*u + 13. Suppose 2*a - 34 = -4*c - 0*a, d*a = -c - 5. What is the units digit of c?
0
Suppose -5*y + 49 = 2*i, -i + 2*y = 4*y - 25. What is the units digit of i?
7
Let l = 8 - -4. What is the tens digit of l?
1
Let u = 10 - 22. Suppose z = 2*h - 2*z - 37, 3*h = 5*z + 53. Let b = h + u. What is the tens digit of b?
1
Let s be 12/8*8/6. Suppose -s*r - u - 3*u + 44 = 0, -5*r + 66 = -u. What is the units digit of r?
4
Suppose 5*k - 5 = 5*g, 3*g + 2*g + 2*k = 16. Suppose -3*p + g*p = 3. Let z = 10 + p. What is the units digit of z?
7
Suppose -3*m + 6*m = 0, 0 = 4*d - 5*m - 8. Suppose -d*v + 38 = 3*c, 0 = -0*c - 3*c + 3*v + 48. What is the units digit of c?
4
Suppose 21 + 27 = 3*f. Let z be 171/4 - 12/f. What is the units digit of z/5 + (-6)/15?
8
Let f(y) = -2*y**2 - 2*y - 3. Let b be f(-4). Let g = 46 + b. What is the tens digit of g?
1
Let f be (-106)/22 + (-10)/55. Suppose 0 = -4*s - 51 + 19. Let r = f - s. What is the units digit of r?
3
Let l = 23 - 10. Suppose -5*m = 4*j - l - 2, 15 = -j - 5*m. What is the units digit of j?
0
Let m(s) = s**3 + 3. Let v be m(0). Let d(w) = 5*w**2 - w**3 - 4*w**3 + 4*w**v - 4*w. What is the units digit of d(3)?
6
Suppose 0 = -0*j - 6*j + 126. What is the tens digit of j?
2
Let a(l) = l + 9. Let y be a(-7). Let b be (-1 - 0 - 1)*y. Let z = -1 - b. What is the units digit of z?
3
Suppose w - 5 = 4*o, 0 = -2*w - 0 + 2. What is the units digit of ((-25)/(-3))/(o/(-3))?
5
Let l(z) = z**2 + 5*z. Let f be l(-5). Suppose -5*r = -g - r + 23, f = 3*g + 5*r + 16. What is the units digit of g?
3
Suppose 279 = 3*z - 2*r, 3*z - 68 = 5*r + 202. What is the units digit of z?
5
Let i(w) = 39*w - 13. What is the units digit of i(4)?
3
Let y(v) = -v**3 - 3*v**2 + 6*v + 3. What is the tens digit of y(-5)?
2
Suppose 0 = -13*n + 2585 + 314. What is the hundreds digit of n?
2
Let h be (-8)/14*63/(-18). Suppose -j = -2*t - 30, 3 = h*j - 2*t - 53. What is the tens digit of j?
2
Let j(a) = a - 1. Let w be j(4). Let i = w + -3. Suppose i = -r + 4*r - 21. What is the units digit of r?
7
Suppose -4*z + 90 = z. What is the tens digit of z?
1
Let j(k) = -5*k - 44. What is the tens digit of j(-23)?
7
Suppose 0 = j - 3*j - 5*m + 30, 3*m + 13 = 5*j. Let q = 62 + -44. Suppose -3*i + j*i = 5*f - q, -3*i + 11 = 2*f. What is the units digit of i?
1
Let g = 1 - -2. Suppose -2*f = f - 5*c - 27, 5*c = -g*f + 57. Let m = f - 9. What is the units digit of m?
5
Suppose 2*f = -0*f + 282. What is the units digit of 6/21 + f/21?
7
Suppose 0 = -3*r + 6*r - 9. What is the units digit of (-18)/(-15)*10/r?
4
Let d(u) = u**3 + 12*u**2 + 4. Let i be d(-12). Suppose -37 - 159 = -i*g. What is the tens digit of g?
4
Let g = -1 + 2. What is the units digit of ((-2)/(-12))/(g/6)?
1
Suppose -3*b + 24 = -0*b. Let m = b + -4. What is the units digit of m?
4
Let f(j) = j**2 + 3*j + 1. What is the units digit of f(-7)?
9
Suppose 2 + 0 = c. Suppose 5*m = -3*n + 43 - 4, c*m + 18 = 3*n. What is the units digit of n?
8
Let g = -9 + 10. What is the units digit of 21/g + -8 + 5?
8
Let x = -2 + 6. Suppose l - 4*f + 9 = 0, -x*l + 4*f = -0*f. What is the units digit of l?
3
Let k = 11 - 17. Suppose 20 = -4*v, -6*v = -3*q - v + 22. Let j = q - k. What is the units digit of j?
5
Suppose 2*f - 5*f = 60. Let t be (-16)/3 + 1/3. Let k = t - f. What is the tens digit of k?
1
Let k = 179 + -74. What is the tens digit of k?
0
Let c = -1 - -4. Let i = -1 + c. Suppose i*s = -4*d - 10, 0*d - 19 = -5*s + d. What is the units digit of s?
3
Suppose 125 = 2*a + 27. Let d = a + -7. What is the units digit of d?
2
Let w(k) = k**3 - 8*k**2 + k + 8. Suppose -5*y + 0 = -20. Suppose -4*g = -m, 12 = y*m - g - 18. What is the units digit of w(m)?
6
Let k(t) = -t**2 - 7*t - 3. Let u be k(-6). Let n = -23 + 33. Suppose -w - u + n = 0. What is the units digit of w?
7
What is the tens digit of (-10)/(-2)*(31 - 2)?
4
Suppose -a - 2*g + 14 = 0, 5*a - 27 - 15 = -3*g. Let j(s) = s**2 - 7*s - 8. Let o be j(a). What is the units digit of 232/28 + 4/o?
8
Let a(h) = -h**2 + 2*h + 2. Let o be a(2). What is the tens digit of o/7 - (-164)/14?
1
Suppose 3*z + 50 = 4*z. What is the units digit of z?
0
Let w(s) = -s + 12. What is the units digit of w(-6)?
8
Let s(l) = 2*l**2 + 3*l + 1. Let k be s(-4). What is the units digit of (-70)/k*(-9)/5?
6
Suppose -255 = -9*f + 4*f. What is the units digit of f?
1
Suppose 5*c = 6*c + 33. Let u = c + 75. What is the tens digit of u?
4
Let u = -6 + 9. Let j be u - (1 - -2 - 4). Suppose -4*v - j*p + 5 = -7, -21 = -3*v + p. What is the units digit of v?
6
Let j(h) = h**3 + 16*h**2 + 16*h + 17. Let r be j(-15). Let a = 5 + r. What is the units digit of a?
7
Let y = 15 - -58. What is the tens digit of y?
7
Suppose 4*k = -g + 205, 4*g - g - 147 = -3*k. Let d = -20 - -33. Suppose x - 6*x + k = -4*z, 2*x - d = -z. What is the units digit of x?
8
Let a(r) = r**3 - 4*r**2